{"id":471,"date":"2026-02-26T19:47:37","date_gmt":"2026-02-26T18:47:37","guid":{"rendered":"https:\/\/wsbartczak.pl\/?page_id=471"},"modified":"2026-02-26T20:25:30","modified_gmt":"2026-02-26T19:25:30","slug":"elementor-471","status":"publish","type":"page","link":"https:\/\/wsbartczak.pl\/?page_id=471","title":{"rendered":"Elementor #471"},"content":{"rendered":"\t\t<div data-elementor-type=\"wp-page\" data-elementor-id=\"471\" class=\"elementor elementor-471\">\n\t\t\t\t<div class=\"elementor-element elementor-element-5c172be e-flex e-con-boxed e-con e-parent\" data-id=\"5c172be\" data-element_type=\"container\" data-e-type=\"container\" data-settings=\"{&quot;background_background&quot;:&quot;classic&quot;}\">\n\t\t\t\t\t<div class=\"e-con-inner\">\n\t\t\t\t<div class=\"elementor-element elementor-element-1c15403 elementor-widget elementor-widget-heading\" data-id=\"1c15403\" data-element_type=\"widget\" data-e-type=\"widget\" data-widget_type=\"heading.default\">\n\t\t\t\t\t<h2 class=\"elementor-heading-title elementor-size-default\">Skontaktuj si\u0119!<\/h2>\t\t\t\t<\/div>\n\t\t\t\t<div class=\"elementor-element elementor-element-9a82d05 elementor-widget__width-initial elementor-widget elementor-widget-text-editor\" data-id=\"9a82d05\" data-element_type=\"widget\" data-e-type=\"widget\" data-widget_type=\"text-editor.default\">\n\t\t\t\t\t\t\t\t\t<p data-start=\"256\" data-end=\"370\">Masz pytania dotycz\u0105ce realizacji, wyceny lub wsp\u00f3\u0142pracy?<br data-start=\"313\" data-end=\"316\"><b>Skontaktuj si\u0119 z nami<\/b> \u2014 odpowiemy szybko i konkretnie.<\/p>\t\t\t\t\t\t\t\t<\/div>\n\t\t\t\t\t<\/div>\n\t\t\t\t<\/div>\n\t\t<div class=\"elementor-element elementor-element-496ee56 e-flex e-con-boxed e-con e-parent\" data-id=\"496ee56\" data-element_type=\"container\" data-e-type=\"container\" data-settings=\"{&quot;background_background&quot;:&quot;classic&quot;}\">\n\t\t\t\t\t<div class=\"e-con-inner\">\n\t\t<div class=\"elementor-element elementor-element-a34bab7 e-con-full e-flex e-con e-child\" data-id=\"a34bab7\" data-element_type=\"container\" data-e-type=\"container\">\n\t\t\t\t<div class=\"elementor-element elementor-element-d767673 elementor-widget elementor-widget-heading\" data-id=\"d767673\" data-element_type=\"widget\" data-e-type=\"widget\" data-widget_type=\"heading.default\">\n\t\t\t\t\t<h2 class=\"elementor-heading-title elementor-size-default\">Dane kontaktowe<\/h2>\t\t\t\t<\/div>\n\t\t\t\t<div class=\"elementor-element elementor-element-8d5e570 elementor-align-center elementor-widget elementor-widget-button\" data-id=\"8d5e570\" data-element_type=\"widget\" data-e-type=\"widget\" data-widget_type=\"button.default\">\n\t\t\t\t\t\t\t\t\t\t<a class=\"elementor-button elementor-button-link elementor-size-sm\" href=\"#\">\n\t\t\t\t\t\t<span class=\"elementor-button-content-wrapper\">\n\t\t\t\t\t\t\t\t\t<span class=\"elementor-button-text\">NAZWA FIRMY<\/span>\n\t\t\t\t\t<\/span>\n\t\t\t\t\t<\/a>\n\t\t\t\t\t\t\t\t<\/div>\n\t\t\t\t<div class=\"elementor-element elementor-element-a2926d8 elementor-widget elementor-widget-text-editor\" data-id=\"a2926d8\" data-element_type=\"widget\" data-e-type=\"widget\" data-widget_type=\"text-editor.default\">\n\t\t\t\t\t\t\t\t\t<p data-start=\"463\" data-end=\"501\"><span data-start=\"463\" data-end=\"479\">WS BARTCZAK Sp\u00f3\u0142ka z Ograniczon\u0105 Odpowiedzialno\u015bci\u0105<\/span><\/p>\t\t\t\t\t\t\t\t<\/div>\n\t\t\t\t<div class=\"elementor-element elementor-element-f43f967 elementor-align-center elementor-widget elementor-widget-button\" data-id=\"f43f967\" data-element_type=\"widget\" data-e-type=\"widget\" data-widget_type=\"button.default\">\n\t\t\t\t\t\t\t\t\t\t<a class=\"elementor-button elementor-button-link elementor-size-sm\" href=\"#\">\n\t\t\t\t\t\t<span class=\"elementor-button-content-wrapper\">\n\t\t\t\t\t\t\t\t\t<span class=\"elementor-button-text\">TELEFON<\/span>\n\t\t\t\t\t<\/span>\n\t\t\t\t\t<\/a>\n\t\t\t\t\t\t\t\t<\/div>\n\t\t\t\t<div class=\"elementor-element elementor-element-ea41a7b elementor-widget elementor-widget-text-editor\" data-id=\"ea41a7b\" data-element_type=\"widget\" data-e-type=\"widget\" data-widget_type=\"text-editor.default\">\n\t\t\t\t\t\t\t\t\t<p>+48 537 621 491<\/p>\t\t\t\t\t\t\t\t<\/div>\n\t\t\t\t<div class=\"elementor-element elementor-element-3d66b02 elementor-align-center elementor-widget elementor-widget-button\" data-id=\"3d66b02\" data-element_type=\"widget\" data-e-type=\"widget\" data-widget_type=\"button.default\">\n\t\t\t\t\t\t\t\t\t\t<a class=\"elementor-button elementor-button-link elementor-size-sm\" href=\"#\">\n\t\t\t\t\t\t<span class=\"elementor-button-content-wrapper\">\n\t\t\t\t\t\t\t\t\t<span class=\"elementor-button-text\">E-MAIL<\/span>\n\t\t\t\t\t<\/span>\n\t\t\t\t\t<\/a>\n\t\t\t\t\t\t\t\t<\/div>\n\t\t\t\t<div class=\"elementor-element elementor-element-4fa08dd elementor-widget elementor-widget-text-editor\" data-id=\"4fa08dd\" data-element_type=\"widget\" data-e-type=\"widget\" data-widget_type=\"text-editor.default\">\n\t\t\t\t\t\t\t\t\t<p>weldservicebartczak@interia.eu<\/p>\t\t\t\t\t\t\t\t<\/div>\n\t\t\t\t<div class=\"elementor-element elementor-element-e205ffb elementor-align-center elementor-widget elementor-widget-button\" data-id=\"e205ffb\" data-element_type=\"widget\" data-e-type=\"widget\" data-widget_type=\"button.default\">\n\t\t\t\t\t\t\t\t\t\t<a class=\"elementor-button elementor-button-link elementor-size-sm\" href=\"#\">\n\t\t\t\t\t\t<span class=\"elementor-button-content-wrapper\">\n\t\t\t\t\t\t\t\t\t<span class=\"elementor-button-text\">LOKALIZACJA<\/span>\n\t\t\t\t\t<\/span>\n\t\t\t\t\t<\/a>\n\t\t\t\t\t\t\t\t<\/div>\n\t\t\t\t<div class=\"elementor-element elementor-element-49344fb elementor-widget elementor-widget-text-editor\" data-id=\"49344fb\" data-element_type=\"widget\" data-e-type=\"widget\" data-widget_type=\"text-editor.default\">\n\t\t\t\t\t\t\t\t\t<p data-start=\"576\" data-end=\"617\">ul. Dojazdowa 1, 62-710 Wyszyna, Wielkopolska<\/p>\t\t\t\t\t\t\t\t<\/div>\n\t\t\t\t<\/div>\n\t\t\t\t\t<\/div>\n\t\t\t\t<\/div>\n\t\t<div class=\"elementor-element elementor-element-e972b84 e-flex e-con-boxed e-con e-parent\" data-id=\"e972b84\" data-element_type=\"container\" data-e-type=\"container\">\n\t\t\t\t\t<div class=\"e-con-inner\">\n\t\t\t\t\t<\/div>\n\t\t\t\t<\/div>\n\t\t\t\t<\/div>\n\t\t","protected":false},"excerpt":{"rendered":"<p>Skontaktuj si\u0119! Masz pytania dotycz\u0105ce realizacji, wyceny lub wsp\u00f3\u0142pracy?Skontaktuj si\u0119 z nami \u2014 odpowiemy szybko i konkretnie. Dane kontaktowe NAZWA FIRMY WS BARTCZAK Sp\u00f3\u0142ka z Ograniczon\u0105 Odpowiedzialno\u015bci\u0105 TELEFON +48 537 621 491 E-MAIL weldservicebartczak@interia.eu LOKALIZACJA ul. Dojazdowa 1, 62-710 Wyszyna, Wielkopolska<\/p>\n","protected":false},"author":1,"featured_media":0,"parent":36,"menu_order":0,"comment_status":"closed","ping_status":"closed","template":"","meta":{"footnotes":""},"class_list":["post-471","page","type-page","status-publish","hentry"],"yoast_head":"<!-- This site is optimized with the Yoast SEO plugin v27.2 - https:\/\/yoast.com\/product\/yoast-seo-wordpress\/ -->\n<title>Elementor #471 - WS BARTCZAK<\/title>\n<meta name=\"robots\" content=\"index, follow, max-snippet:-1, max-image-preview:large, max-video-preview:-1\" \/>\n<link rel=\"canonical\" href=\"https:\/\/wsbartczak.pl\/?page_id=471\" \/>\n<meta property=\"og:locale\" content=\"en_US\" \/>\n<meta property=\"og:type\" content=\"article\" \/>\n<meta property=\"og:title\" content=\"Elementor #471 - WS BARTCZAK\" \/>\n<meta property=\"og:description\" content=\"Skontaktuj si\u0119! Masz pytania dotycz\u0105ce realizacji, wyceny lub wsp\u00f3\u0142pracy?Skontaktuj si\u0119 z nami \u2014 odpowiemy szybko i konkretnie. Dane kontaktowe NAZWA FIRMY WS BARTCZAK Sp\u00f3\u0142ka z Ograniczon\u0105 Odpowiedzialno\u015bci\u0105 TELEFON +48 537 621 491 E-MAIL weldservicebartczak@interia.eu LOKALIZACJA ul. Dojazdowa 1, 62-710 Wyszyna, Wielkopolska\" \/>\n<meta property=\"og:url\" content=\"https:\/\/wsbartczak.pl\/?page_id=471\" \/>\n<meta property=\"og:site_name\" content=\"WS BARTCZAK\" \/>\n<meta property=\"article:modified_time\" content=\"2026-02-26T19:25:30+00:00\" \/>\n<meta name=\"twitter:card\" content=\"summary_large_image\" \/>\n<script type=\"application\/ld+json\" class=\"yoast-schema-graph\">{\"@context\":\"https:\/\/schema.org\",\"@graph\":[{\"@type\":\"WebPage\",\"@id\":\"https:\/\/wsbartczak.pl\/?page_id=471\",\"url\":\"https:\/\/wsbartczak.pl\/?page_id=471\",\"name\":\"Elementor #471 - WS BARTCZAK\",\"isPartOf\":{\"@id\":\"https:\/\/wsbartczak.pl\/#website\"},\"datePublished\":\"2026-02-26T18:47:37+00:00\",\"dateModified\":\"2026-02-26T19:25:30+00:00\",\"breadcrumb\":{\"@id\":\"https:\/\/wsbartczak.pl\/?page_id=471#breadcrumb\"},\"inLanguage\":\"en-US\",\"potentialAction\":[{\"@type\":\"ReadAction\",\"target\":[\"https:\/\/wsbartczak.pl\/?page_id=471\"]}]},{\"@type\":\"BreadcrumbList\",\"@id\":\"https:\/\/wsbartczak.pl\/?page_id=471#breadcrumb\",\"itemListElement\":[{\"@type\":\"ListItem\",\"position\":1,\"name\":\"Home\",\"item\":\"https:\/\/wsbartczak.pl\/\"},{\"@type\":\"ListItem\",\"position\":2,\"name\":\"wsbartczak.pl\",\"item\":\"https:\/\/wsbartczak.pl\/\"},{\"@type\":\"ListItem\",\"position\":3,\"name\":\"Elementor #471\"}]},{\"@type\":\"WebSite\",\"@id\":\"https:\/\/wsbartczak.pl\/#website\",\"url\":\"https:\/\/wsbartczak.pl\/\",\"name\":\"WS BARTCZAK\",\"description\":\"\",\"publisher\":{\"@id\":\"https:\/\/wsbartczak.pl\/#organization\"},\"potentialAction\":[{\"@type\":\"SearchAction\",\"target\":{\"@type\":\"EntryPoint\",\"urlTemplate\":\"https:\/\/wsbartczak.pl\/?s={search_term_string}\"},\"query-input\":{\"@type\":\"PropertyValueSpecification\",\"valueRequired\":true,\"valueName\":\"search_term_string\"}}],\"inLanguage\":\"en-US\"},{\"@type\":\"Organization\",\"@id\":\"https:\/\/wsbartczak.pl\/#organization\",\"name\":\"WS BARTCZAK\",\"url\":\"https:\/\/wsbartczak.pl\/\",\"logo\":{\"@type\":\"ImageObject\",\"inLanguage\":\"en-US\",\"@id\":\"https:\/\/wsbartczak.pl\/#\/schema\/logo\/image\/\",\"url\":\"https:\/\/wsbartczak.pl\/wp-content\/uploads\/2026\/03\/logo-wordpress.jpg\",\"contentUrl\":\"https:\/\/wsbartczak.pl\/wp-content\/uploads\/2026\/03\/logo-wordpress.jpg\",\"width\":1000,\"height\":1000,\"caption\":\"WS BARTCZAK\"},\"image\":{\"@id\":\"https:\/\/wsbartczak.pl\/#\/schema\/logo\/image\/\"}}]}<\/script>\n<!-- \/ Yoast SEO plugin. -->","yoast_head_json":{"title":"Elementor #471 - WS BARTCZAK","robots":{"index":"index","follow":"follow","max-snippet":"max-snippet:-1","max-image-preview":"max-image-preview:large","max-video-preview":"max-video-preview:-1"},"canonical":"https:\/\/wsbartczak.pl\/?page_id=471","og_locale":"en_US","og_type":"article","og_title":"Elementor #471 - WS BARTCZAK","og_description":"Skontaktuj si\u0119! Masz pytania dotycz\u0105ce realizacji, wyceny lub wsp\u00f3\u0142pracy?Skontaktuj si\u0119 z nami \u2014 odpowiemy szybko i konkretnie. Dane kontaktowe NAZWA FIRMY WS BARTCZAK Sp\u00f3\u0142ka z Ograniczon\u0105 Odpowiedzialno\u015bci\u0105 TELEFON +48 537 621 491 E-MAIL weldservicebartczak@interia.eu LOKALIZACJA ul. Dojazdowa 1, 62-710 Wyszyna, Wielkopolska","og_url":"https:\/\/wsbartczak.pl\/?page_id=471","og_site_name":"WS BARTCZAK","article_modified_time":"2026-02-26T19:25:30+00:00","twitter_card":"summary_large_image","schema":{"@context":"https:\/\/schema.org","@graph":[{"@type":"WebPage","@id":"https:\/\/wsbartczak.pl\/?page_id=471","url":"https:\/\/wsbartczak.pl\/?page_id=471","name":"Elementor #471 - WS BARTCZAK","isPartOf":{"@id":"https:\/\/wsbartczak.pl\/#website"},"datePublished":"2026-02-26T18:47:37+00:00","dateModified":"2026-02-26T19:25:30+00:00","breadcrumb":{"@id":"https:\/\/wsbartczak.pl\/?page_id=471#breadcrumb"},"inLanguage":"en-US","potentialAction":[{"@type":"ReadAction","target":["https:\/\/wsbartczak.pl\/?page_id=471"]}]},{"@type":"BreadcrumbList","@id":"https:\/\/wsbartczak.pl\/?page_id=471#breadcrumb","itemListElement":[{"@type":"ListItem","position":1,"name":"Home","item":"https:\/\/wsbartczak.pl\/"},{"@type":"ListItem","position":2,"name":"wsbartczak.pl","item":"https:\/\/wsbartczak.pl\/"},{"@type":"ListItem","position":3,"name":"Elementor #471"}]},{"@type":"WebSite","@id":"https:\/\/wsbartczak.pl\/#website","url":"https:\/\/wsbartczak.pl\/","name":"WS BARTCZAK","description":"","publisher":{"@id":"https:\/\/wsbartczak.pl\/#organization"},"potentialAction":[{"@type":"SearchAction","target":{"@type":"EntryPoint","urlTemplate":"https:\/\/wsbartczak.pl\/?s={search_term_string}"},"query-input":{"@type":"PropertyValueSpecification","valueRequired":true,"valueName":"search_term_string"}}],"inLanguage":"en-US"},{"@type":"Organization","@id":"https:\/\/wsbartczak.pl\/#organization","name":"WS BARTCZAK","url":"https:\/\/wsbartczak.pl\/","logo":{"@type":"ImageObject","inLanguage":"en-US","@id":"https:\/\/wsbartczak.pl\/#\/schema\/logo\/image\/","url":"https:\/\/wsbartczak.pl\/wp-content\/uploads\/2026\/03\/logo-wordpress.jpg","contentUrl":"https:\/\/wsbartczak.pl\/wp-content\/uploads\/2026\/03\/logo-wordpress.jpg","width":1000,"height":1000,"caption":"WS BARTCZAK"},"image":{"@id":"https:\/\/wsbartczak.pl\/#\/schema\/logo\/image\/"}}]}},"_links":{"self":[{"href":"https:\/\/wsbartczak.pl\/index.php?rest_route=\/wp\/v2\/pages\/471","targetHints":{"allow":["GET"]}}],"collection":[{"href":"https:\/\/wsbartczak.pl\/index.php?rest_route=\/wp\/v2\/pages"}],"about":[{"href":"https:\/\/wsbartczak.pl\/index.php?rest_route=\/wp\/v2\/types\/page"}],"author":[{"embeddable":true,"href":"https:\/\/wsbartczak.pl\/index.php?rest_route=\/wp\/v2\/users\/1"}],"replies":[{"embeddable":true,"href":"https:\/\/wsbartczak.pl\/index.php?rest_route=%2Fwp%2Fv2%2Fcomments&post=471"}],"version-history":[{"count":66,"href":"https:\/\/wsbartczak.pl\/index.php?rest_route=\/wp\/v2\/pages\/471\/revisions"}],"predecessor-version":[{"id":549,"href":"https:\/\/wsbartczak.pl\/index.php?rest_route=\/wp\/v2\/pages\/471\/revisions\/549"}],"up":[{"embeddable":true,"href":"https:\/\/wsbartczak.pl\/index.php?rest_route=\/wp\/v2\/pages\/36"}],"wp:attachment":[{"href":"https:\/\/wsbartczak.pl\/index.php?rest_route=%2Fwp%2Fv2%2Fmedia&parent=471"}],"curies":[{"name":"wp","href":"https:\/\/api.w.org\/{rel}","templated":true}]}}